{"id":2543,"date":"2021-01-28T18:46:31","date_gmt":"2021-01-28T17:46:31","guid":{"rendered":"http:\/\/curiosites.lmparis.fr\/?post_type=product&#038;p=2543"},"modified":"2021-01-28T18:59:44","modified_gmt":"2021-01-28T17:59:44","slug":"jarre-ming-chine-periode-du-regne-de-lempereur-hong-ci-1488-1506","status":"publish","type":"product","link":"https:\/\/curiosites.lmparis.fr\/index.php\/produit\/jarre-ming-chine-periode-du-regne-de-lempereur-hong-ci-1488-1506\/","title":{"rendered":"Jarre MING. Chine, p\u00e9riode du r\u00e8gne de l\u2019empereur Hong-ci (1488-1506)"},"content":{"rendered":"","protected":false},"excerpt":{"rendered":"<p>Cette Jarre en porcelaine \u00e0 un d\u00e9cors bleu et blanc de deux jeunes gar\u00e7ons jouant et d\u2019un personnage dans un paysage \u00e0 d\u00e9cor bleu blanc au bord d&rsquo;un ruisseau et d\u2019un pont.<\/p>\n<p>Deux enfants jouant au bord de la rivi\u00e8re entour\u00e9s de bambous et d\u2019un prunus.\u00a0Dans l\u2019art chinois, la repr\u00e9sentation de jeunes gar\u00e7ons en train de jouer est consid\u00e9r\u00e9e comme un signe de bonne fortune, repr\u00e9sentant la b\u00e9n\u00e9diction d\u2019avoir de nombreux fils pour porter le nom de famille.<\/p>\n<p>Le d\u00e9cor du col de la jarre est compos\u00e9 d\u2019une frise de pivoine qui entoure l\u2019ouverture. La Pivoine est la reine des fleurs, pr\u00e9sage de bonne fortune et retour du printemps. Embl\u00e8me de l&rsquo;amour, de l&rsquo;affection, elle est \u00e9galement symbole de la beaut\u00e9 f\u00e9minine. Cette frise vient certainement servir la beaut\u00e9 du personnage assis et probablement le destinataire de l\u2019objet.<\/p>\n<p>La terre sous couverte d\u2019une couleur l\u00e9g\u00e8rement rouge visible \u00e0 la base permet de dater sans crainte la jarre de la p\u00e9riode Ming et plus pr\u00e9cis\u00e9ment du r\u00e8gne de l\u2019empereur Hong-ci (1488-1506).<\/p>\n<p>Hauteur\u00a0: 18 cm, Ouverture\u00a0: 8,5 cm, Largeur\u00a0: 18 cm<\/p>\n<p>Parfait \u00e9tat. \u00a0\u00a0Prix: 1 080 euros.<\/p>\n","protected":false},"featured_media":2535,"template":"","meta":{"site-sidebar-layout":"default","site-content-layout":"default","ast-site-content-layout":"default","site-content-style":"default","site-sidebar-style":"default","ast-global-header-display":"","ast-banner-title-visibility":"","ast-main-header-display":"","ast-hfb-above-header-display":"","ast-hfb-below-header-display":"","ast-hfb-mobile-header-display":"","site-post-title":"","ast-breadcrumbs-content":"","ast-featured-img":"","footer-sml-layout":"","ast-disable-related-posts":"","theme-transparent-header-meta":"default","adv-header-id-meta":"","stick-header-meta":"","header-above-stick-meta":"","header-main-stick-meta":"","header-below-stick-meta":"","astra-migrate-meta-layouts":"default","ast-page-background-enabled":"default","ast-page-background-meta":{"desktop":{"background-color":"","background-image":"","background-repeat":"repeat","background-position":"center center","background-size":"auto","background-attachment":"scroll","background-type":"","background-media":"","overlay-type":"","overlay-color":"","overlay-opacity":"","overlay-gradient":""},"tablet":{"background-color":"","background-image":"","background-repeat":"repeat","background-position":"center center","background-size":"auto","background-attachment":"scroll","background-type":"","background-media":"","overlay-type":"","overlay-color":"","overlay-opacity":"","overlay-gradient":""},"mobile":{"background-color":"","background-image":"","background-repeat":"repeat","background-position":"center center","background-size":"auto","background-attachment":"scroll","background-type":"","background-media":"","overlay-type":"","overlay-color":"","overlay-opacity":"","overlay-gradient":""}},"ast-content-background-meta":{"desktop":{"background-color":"var(--ast-global-color-5)","background-image":"","background-repeat":"repeat","background-position":"center center","background-size":"auto","background-attachment":"scroll","background-type":"","background-media":"","overlay-type":"","overlay-color":"","overlay-opacity":"","overlay-gradient":""},"tablet":{"background-color":"var(--ast-global-color-5)","background-image":"","background-repeat":"repeat","background-position":"center center","background-size":"auto","background-attachment":"scroll","background-type":"","background-media":"","overlay-type":"","overlay-color":"","overlay-opacity":"","overlay-gradient":""},"mobile":{"background-color":"var(--ast-global-color-5)","background-image":"","background-repeat":"repeat","background-position":"center center","background-size":"auto","background-attachment":"scroll","background-type":"","background-media":"","overlay-type":"","overlay-color":"","overlay-opacity":"","overlay-gradient":""}}},"product_brand":[],"product_cat":[22,21],"product_tag":[],"class_list":{"0":"post-2543","1":"product","2":"type-product","3":"status-publish","4":"has-post-thumbnail","6":"product_cat-antiquites","7":"product_cat-porcelaine","8":"product_shipping_class-large","9":"desktop-align-left","10":"tablet-align-left","11":"mobile-align-left","13":"first","14":"instock","15":"sold-individually","16":"shipping-taxable","17":"purchasable","18":"product-type-simple"},"yoast_head":"<!-- This site is optimized with the Yoast SEO plugin v24.8.1 - https:\/\/yoast.com\/wordpress\/plugins\/seo\/ -->\n<title>Jarre MING. Chine, p\u00e9riode du r\u00e8gne de l\u2019empereur Hong-ci (1488-1506) - Le cabinet de curiosit\u00e9s<\/title>\n<meta name=\"robots\" content=\"index, follow, max-snippet:-1, max-image-preview:large, max-video-preview:-1\" \/>\n<link rel=\"canonical\" href=\"https:\/\/curiosites.lmparis.fr\/index.php\/produit\/jarre-ming-chine-periode-du-regne-de-lempereur-hong-ci-1488-1506\/\" \/>\n<meta property=\"og:locale\" content=\"fr_FR\" \/>\n<meta property=\"og:type\" content=\"article\" \/>\n<meta property=\"og:title\" content=\"Jarre MING. Chine, p\u00e9riode du r\u00e8gne de l\u2019empereur Hong-ci (1488-1506) - Le cabinet de curiosit\u00e9s\" \/>\n<meta property=\"og:description\" content=\"Cette Jarre en porcelaine \u00e0 un d\u00e9cors bleu et blanc de deux jeunes gar\u00e7ons jouant et d\u2019un personnage dans un paysage \u00e0 d\u00e9cor bleu blanc au bord d&#039;un ruisseau et d\u2019un pont.  Deux enfants jouant au bord de la rivi\u00e8re entour\u00e9s de bambous et d\u2019un prunus.\u00a0Dans l\u2019art chinois, la repr\u00e9sentation de jeunes gar\u00e7ons en train de jouer est consid\u00e9r\u00e9e comme un signe de bonne fortune, repr\u00e9sentant la b\u00e9n\u00e9diction d\u2019avoir de nombreux fils pour porter le nom de famille.  Le d\u00e9cor du col de la jarre est compos\u00e9 d\u2019une frise de pivoine qui entoure l\u2019ouverture. La Pivoine est la reine des fleurs, pr\u00e9sage de bonne fortune et retour du printemps. Embl\u00e8me de l&#039;amour, de l&#039;affection, elle est \u00e9galement symbole de la beaut\u00e9 f\u00e9minine. Cette frise vient certainement servir la beaut\u00e9 du personnage assis et probablement le destinataire de l\u2019objet.  La terre sous couverte d\u2019une couleur l\u00e9g\u00e8rement rouge visible \u00e0 la base permet de dater sans crainte la jarre de la p\u00e9riode Ming et plus pr\u00e9cis\u00e9ment du r\u00e8gne de l\u2019empereur Hong-ci (1488-1506).  Hauteur\u00a0: 18 cm, Ouverture\u00a0: 8,5 cm, Largeur\u00a0: 18 cm  Parfait \u00e9tat. \u00a0\u00a0Prix: 1 080 euros.\" \/>\n<meta property=\"og:url\" content=\"https:\/\/curiosites.lmparis.fr\/index.php\/produit\/jarre-ming-chine-periode-du-regne-de-lempereur-hong-ci-1488-1506\/\" \/>\n<meta property=\"og:site_name\" content=\"Le cabinet de curiosit\u00e9s\" \/>\n<meta property=\"article:modified_time\" content=\"2021-01-28T17:59:44+00:00\" \/>\n<meta property=\"og:image\" content=\"https:\/\/curiosites.lmparis.fr\/wp-content\/uploads\/2021\/01\/Jarre-Ming_7.jpeg\" \/>\n\t<meta property=\"og:image:width\" content=\"1280\" \/>\n\t<meta property=\"og:image:height\" content=\"1280\" \/>\n\t<meta property=\"og:image:type\" content=\"image\/jpeg\" \/>\n<meta name=\"twitter:card\" content=\"summary_large_image\" \/>\n<script type=\"application\/ld+json\" class=\"yoast-schema-graph\">{\"@context\":\"https:\/\/schema.org\",\"@graph\":[{\"@type\":\"WebPage\",\"@id\":\"https:\/\/curiosites.lmparis.fr\/index.php\/produit\/jarre-ming-chine-periode-du-regne-de-lempereur-hong-ci-1488-1506\/\",\"url\":\"https:\/\/curiosites.lmparis.fr\/index.php\/produit\/jarre-ming-chine-periode-du-regne-de-lempereur-hong-ci-1488-1506\/\",\"name\":\"Jarre MING. Chine, p\u00e9riode du r\u00e8gne de l\u2019empereur Hong-ci (1488-1506) - Le cabinet de curiosit\u00e9s\",\"isPartOf\":{\"@id\":\"https:\/\/curiosites.lmparis.fr\/#website\"},\"primaryImageOfPage\":{\"@id\":\"https:\/\/curiosites.lmparis.fr\/index.php\/produit\/jarre-ming-chine-periode-du-regne-de-lempereur-hong-ci-1488-1506\/#primaryimage\"},\"image\":{\"@id\":\"https:\/\/curiosites.lmparis.fr\/index.php\/produit\/jarre-ming-chine-periode-du-regne-de-lempereur-hong-ci-1488-1506\/#primaryimage\"},\"thumbnailUrl\":\"https:\/\/curiosites.lmparis.fr\/wp-content\/uploads\/2021\/01\/Jarre-Ming_7.jpeg\",\"datePublished\":\"2021-01-28T17:46:31+00:00\",\"dateModified\":\"2021-01-28T17:59:44+00:00\",\"breadcrumb\":{\"@id\":\"https:\/\/curiosites.lmparis.fr\/index.php\/produit\/jarre-ming-chine-periode-du-regne-de-lempereur-hong-ci-1488-1506\/#breadcrumb\"},\"inLanguage\":\"fr-FR\",\"potentialAction\":[{\"@type\":\"ReadAction\",\"target\":[\"https:\/\/curiosites.lmparis.fr\/index.php\/produit\/jarre-ming-chine-periode-du-regne-de-lempereur-hong-ci-1488-1506\/\"]}]},{\"@type\":\"ImageObject\",\"inLanguage\":\"fr-FR\",\"@id\":\"https:\/\/curiosites.lmparis.fr\/index.php\/produit\/jarre-ming-chine-periode-du-regne-de-lempereur-hong-ci-1488-1506\/#primaryimage\",\"url\":\"https:\/\/curiosites.lmparis.fr\/wp-content\/uploads\/2021\/01\/Jarre-Ming_7.jpeg\",\"contentUrl\":\"https:\/\/curiosites.lmparis.fr\/wp-content\/uploads\/2021\/01\/Jarre-Ming_7.jpeg\",\"width\":1280,\"height\":1280},{\"@type\":\"BreadcrumbList\",\"@id\":\"https:\/\/curiosites.lmparis.fr\/index.php\/produit\/jarre-ming-chine-periode-du-regne-de-lempereur-hong-ci-1488-1506\/#breadcrumb\",\"itemListElement\":[{\"@type\":\"ListItem\",\"position\":1,\"name\":\"Accueil\",\"item\":\"https:\/\/curiosites.lmparis.fr\/\"},{\"@type\":\"ListItem\",\"position\":2,\"name\":\"Boutique\",\"item\":\"https:\/\/curiosites.lmparis.fr\/index.php\/boutique\/\"},{\"@type\":\"ListItem\",\"position\":3,\"name\":\"Jarre MING. Chine, p\u00e9riode du r\u00e8gne de l\u2019empereur Hong-ci (1488-1506)\"}]},{\"@type\":\"WebSite\",\"@id\":\"https:\/\/curiosites.lmparis.fr\/#website\",\"url\":\"https:\/\/curiosites.lmparis.fr\/\",\"name\":\"Le cabinet de curiosit\u00e9s\",\"description\":\"art, objets d&#039;art , antiquit\u00e9s. objet de curiosit\u00e9s, porcelaines\",\"publisher\":{\"@id\":\"https:\/\/curiosites.lmparis.fr\/#\/schema\/person\/cda334754a2494b4fabed1f26b450aea\"},\"potentialAction\":[{\"@type\":\"SearchAction\",\"target\":{\"@type\":\"EntryPoint\",\"urlTemplate\":\"https:\/\/curiosites.lmparis.fr\/?s={search_term_string}\"},\"query-input\":{\"@type\":\"PropertyValueSpecification\",\"valueRequired\":true,\"valueName\":\"search_term_string\"}}],\"inLanguage\":\"fr-FR\"},{\"@type\":[\"Person\",\"Organization\"],\"@id\":\"https:\/\/curiosites.lmparis.fr\/#\/schema\/person\/cda334754a2494b4fabed1f26b450aea\",\"name\":\"akolangTo\",\"image\":{\"@type\":\"ImageObject\",\"inLanguage\":\"fr-FR\",\"@id\":\"https:\/\/curiosites.lmparis.fr\/#\/schema\/person\/image\/\",\"url\":\"https:\/\/curiosites.lmparis.fr\/wp-content\/uploads\/2020\/11\/blue-on-white-logo-160.png\",\"contentUrl\":\"https:\/\/curiosites.lmparis.fr\/wp-content\/uploads\/2020\/11\/blue-on-white-logo-160.png\",\"width\":160,\"height\":160,\"caption\":\"akolangTo\"},\"logo\":{\"@id\":\"https:\/\/curiosites.lmparis.fr\/#\/schema\/person\/image\/\"}}]}<\/script>\n<!-- \/ Yoast SEO plugin. -->","yoast_head_json":{"title":"Jarre MING. Chine, p\u00e9riode du r\u00e8gne de l\u2019empereur Hong-ci (1488-1506) - Le cabinet de curiosit\u00e9s","robots":{"index":"index","follow":"follow","max-snippet":"max-snippet:-1","max-image-preview":"max-image-preview:large","max-video-preview":"max-video-preview:-1"},"canonical":"https:\/\/curiosites.lmparis.fr\/index.php\/produit\/jarre-ming-chine-periode-du-regne-de-lempereur-hong-ci-1488-1506\/","og_locale":"fr_FR","og_type":"article","og_title":"Jarre MING. Chine, p\u00e9riode du r\u00e8gne de l\u2019empereur Hong-ci (1488-1506) - Le cabinet de curiosit\u00e9s","og_description":"Cette Jarre en porcelaine \u00e0 un d\u00e9cors bleu et blanc de deux jeunes gar\u00e7ons jouant et d\u2019un personnage dans un paysage \u00e0 d\u00e9cor bleu blanc au bord d'un ruisseau et d\u2019un pont.  Deux enfants jouant au bord de la rivi\u00e8re entour\u00e9s de bambous et d\u2019un prunus.\u00a0Dans l\u2019art chinois, la repr\u00e9sentation de jeunes gar\u00e7ons en train de jouer est consid\u00e9r\u00e9e comme un signe de bonne fortune, repr\u00e9sentant la b\u00e9n\u00e9diction d\u2019avoir de nombreux fils pour porter le nom de famille.  Le d\u00e9cor du col de la jarre est compos\u00e9 d\u2019une frise de pivoine qui entoure l\u2019ouverture. La Pivoine est la reine des fleurs, pr\u00e9sage de bonne fortune et retour du printemps. Embl\u00e8me de l'amour, de l'affection, elle est \u00e9galement symbole de la beaut\u00e9 f\u00e9minine. Cette frise vient certainement servir la beaut\u00e9 du personnage assis et probablement le destinataire de l\u2019objet.  La terre sous couverte d\u2019une couleur l\u00e9g\u00e8rement rouge visible \u00e0 la base permet de dater sans crainte la jarre de la p\u00e9riode Ming et plus pr\u00e9cis\u00e9ment du r\u00e8gne de l\u2019empereur Hong-ci (1488-1506).  Hauteur\u00a0: 18 cm, Ouverture\u00a0: 8,5 cm, Largeur\u00a0: 18 cm  Parfait \u00e9tat. \u00a0\u00a0Prix: 1 080 euros.","og_url":"https:\/\/curiosites.lmparis.fr\/index.php\/produit\/jarre-ming-chine-periode-du-regne-de-lempereur-hong-ci-1488-1506\/","og_site_name":"Le cabinet de curiosit\u00e9s","article_modified_time":"2021-01-28T17:59:44+00:00","og_image":[{"width":1280,"height":1280,"url":"https:\/\/curiosites.lmparis.fr\/wp-content\/uploads\/2021\/01\/Jarre-Ming_7.jpeg","type":"image\/jpeg"}],"twitter_card":"summary_large_image","schema":{"@context":"https:\/\/schema.org","@graph":[{"@type":"WebPage","@id":"https:\/\/curiosites.lmparis.fr\/index.php\/produit\/jarre-ming-chine-periode-du-regne-de-lempereur-hong-ci-1488-1506\/","url":"https:\/\/curiosites.lmparis.fr\/index.php\/produit\/jarre-ming-chine-periode-du-regne-de-lempereur-hong-ci-1488-1506\/","name":"Jarre MING. Chine, p\u00e9riode du r\u00e8gne de l\u2019empereur Hong-ci (1488-1506) - Le cabinet de curiosit\u00e9s","isPartOf":{"@id":"https:\/\/curiosites.lmparis.fr\/#website"},"primaryImageOfPage":{"@id":"https:\/\/curiosites.lmparis.fr\/index.php\/produit\/jarre-ming-chine-periode-du-regne-de-lempereur-hong-ci-1488-1506\/#primaryimage"},"image":{"@id":"https:\/\/curiosites.lmparis.fr\/index.php\/produit\/jarre-ming-chine-periode-du-regne-de-lempereur-hong-ci-1488-1506\/#primaryimage"},"thumbnailUrl":"https:\/\/curiosites.lmparis.fr\/wp-content\/uploads\/2021\/01\/Jarre-Ming_7.jpeg","datePublished":"2021-01-28T17:46:31+00:00","dateModified":"2021-01-28T17:59:44+00:00","breadcrumb":{"@id":"https:\/\/curiosites.lmparis.fr\/index.php\/produit\/jarre-ming-chine-periode-du-regne-de-lempereur-hong-ci-1488-1506\/#breadcrumb"},"inLanguage":"fr-FR","potentialAction":[{"@type":"ReadAction","target":["https:\/\/curiosites.lmparis.fr\/index.php\/produit\/jarre-ming-chine-periode-du-regne-de-lempereur-hong-ci-1488-1506\/"]}]},{"@type":"ImageObject","inLanguage":"fr-FR","@id":"https:\/\/curiosites.lmparis.fr\/index.php\/produit\/jarre-ming-chine-periode-du-regne-de-lempereur-hong-ci-1488-1506\/#primaryimage","url":"https:\/\/curiosites.lmparis.fr\/wp-content\/uploads\/2021\/01\/Jarre-Ming_7.jpeg","contentUrl":"https:\/\/curiosites.lmparis.fr\/wp-content\/uploads\/2021\/01\/Jarre-Ming_7.jpeg","width":1280,"height":1280},{"@type":"BreadcrumbList","@id":"https:\/\/curiosites.lmparis.fr\/index.php\/produit\/jarre-ming-chine-periode-du-regne-de-lempereur-hong-ci-1488-1506\/#breadcrumb","itemListElement":[{"@type":"ListItem","position":1,"name":"Accueil","item":"https:\/\/curiosites.lmparis.fr\/"},{"@type":"ListItem","position":2,"name":"Boutique","item":"https:\/\/curiosites.lmparis.fr\/index.php\/boutique\/"},{"@type":"ListItem","position":3,"name":"Jarre MING. Chine, p\u00e9riode du r\u00e8gne de l\u2019empereur Hong-ci (1488-1506)"}]},{"@type":"WebSite","@id":"https:\/\/curiosites.lmparis.fr\/#website","url":"https:\/\/curiosites.lmparis.fr\/","name":"Le cabinet de curiosit\u00e9s","description":"art, objets d&#039;art , antiquit\u00e9s. objet de curiosit\u00e9s, porcelaines","publisher":{"@id":"https:\/\/curiosites.lmparis.fr\/#\/schema\/person\/cda334754a2494b4fabed1f26b450aea"},"potentialAction":[{"@type":"SearchAction","target":{"@type":"EntryPoint","urlTemplate":"https:\/\/curiosites.lmparis.fr\/?s={search_term_string}"},"query-input":{"@type":"PropertyValueSpecification","valueRequired":true,"valueName":"search_term_string"}}],"inLanguage":"fr-FR"},{"@type":["Person","Organization"],"@id":"https:\/\/curiosites.lmparis.fr\/#\/schema\/person\/cda334754a2494b4fabed1f26b450aea","name":"akolangTo","image":{"@type":"ImageObject","inLanguage":"fr-FR","@id":"https:\/\/curiosites.lmparis.fr\/#\/schema\/person\/image\/","url":"https:\/\/curiosites.lmparis.fr\/wp-content\/uploads\/2020\/11\/blue-on-white-logo-160.png","contentUrl":"https:\/\/curiosites.lmparis.fr\/wp-content\/uploads\/2020\/11\/blue-on-white-logo-160.png","width":160,"height":160,"caption":"akolangTo"},"logo":{"@id":"https:\/\/curiosites.lmparis.fr\/#\/schema\/person\/image\/"}}]}},"jetpack_sharing_enabled":true,"_links":{"self":[{"href":"https:\/\/curiosites.lmparis.fr\/index.php\/wp-json\/wp\/v2\/product\/2543","targetHints":{"allow":["GET"]}}],"collection":[{"href":"https:\/\/curiosites.lmparis.fr\/index.php\/wp-json\/wp\/v2\/product"}],"about":[{"href":"https:\/\/curiosites.lmparis.fr\/index.php\/wp-json\/wp\/v2\/types\/product"}],"wp:featuredmedia":[{"embeddable":true,"href":"https:\/\/curiosites.lmparis.fr\/index.php\/wp-json\/wp\/v2\/media\/2535"}],"wp:attachment":[{"href":"https:\/\/curiosites.lmparis.fr\/index.php\/wp-json\/wp\/v2\/media?parent=2543"}],"wp:term":[{"taxonomy":"product_brand","embeddable":true,"href":"https:\/\/curiosites.lmparis.fr\/index.php\/wp-json\/wp\/v2\/product_brand?post=2543"},{"taxonomy":"product_cat","embeddable":true,"href":"https:\/\/curiosites.lmparis.fr\/index.php\/wp-json\/wp\/v2\/product_cat?post=2543"},{"taxonomy":"product_tag","embeddable":true,"href":"https:\/\/curiosites.lmparis.fr\/index.php\/wp-json\/wp\/v2\/product_tag?post=2543"}],"curies":[{"name":"wp","href":"https:\/\/api.w.org\/{rel}","templated":true}]}}