{"id":2466,"date":"2021-01-23T20:47:19","date_gmt":"2021-01-23T19:47:19","guid":{"rendered":"http:\/\/curiosites.lmparis.fr\/?post_type=product&#038;p=2466"},"modified":"2021-01-23T20:47:20","modified_gmt":"2021-01-23T19:47:20","slug":"porcelaine-jaune-verte-et-turquoise-dragon-qianlong-1735-1796","status":"publish","type":"product","link":"https:\/\/curiosites.lmparis.fr\/index.php\/produit\/porcelaine-jaune-verte-et-turquoise-dragon-qianlong-1735-1796\/","title":{"rendered":"Porcelaine jaune verte et turquoise dragon. Qianlong (1735 &#8211; 1796)"},"content":{"rendered":"","protected":false},"excerpt":{"rendered":"<div>\n<p class=\"Normalbodytext\"><span lang=\"FR\">Ce tr\u00e8s beau bol porte la marque en calligraphie archa\u00efque de la dynastique de l\u2019empereur Qianlong (1735 1796)<\/span><\/p>\n<\/div>\n<div>\n<p class=\"Normalbodytext\"><span lang=\"FR\">Ce bol \u00e0 d\u00e9cor Jaune et vert \u00e9tait pour un destinataire de haut rang la couleur jaune est la plupart du temps destin\u00e9e \u00e0 la cours imp\u00e9riale. <\/span><\/p>\n<\/div>\n<div>\n<p class=\"Normalbodytext\"><span lang=\"FR\">Le code des repr\u00e9sentations du dragon et des griffes de celui-ci est tr\u00e8s important et fondamental dans la destination des objets ou il y figure.<\/span><\/p>\n<\/div>\n<div>\n<h6 class=\"Normalbodytext\"><b><span lang=\"FR\">Dragon \u00e0 cinq griffes <\/span><\/b><\/h6>\n<\/div>\n<div>\n<p class=\"Normalbodytext\"><span lang=\"FR\">Au XIIIe si\u00e8cle se met en place une \u00e9tiquette tr\u00e8s stricte : le dragon fut choisi pour repr\u00e9senter l\u2019\u00e9tat et fut entendu \u00e0 la totalit\u00e9\u0301 du mobilier imp\u00e9rial et \u00e0 la garde-robe. Sous les Ming et les Qing, les dragons \u00e0 cinq griffes sont r\u00e9serv\u00e9s \u00e0 l\u2019empereur, les dragons \u00e0 quatre griffes sont d\u00e9volus aux princes et ceux \u00e0 trois griffes, aux nobles et aux lettr\u00e9s. Cette r\u00e8gle \u00e9tait \u00e9tablie principalement pour les robes et le mobilier, n\u00e9anmoins il n\u2019est pas formellement \u00e9tabli qu\u2019elle fut valable pour les c\u00e9ramiques. <\/span><\/p>\n<\/div>\n<div>\n<p class=\"Normalbodytext\"><span lang=\"FR\">La technique de pose des deux couleurs verte et jaune est tr\u00e8s d\u00e9licate \u00e0 maitriser. Le d\u00e9cor est incis\u00e9 sur le corps non cuit de la pi\u00e8ce. <\/span><\/p>\n<\/div>\n<div>\n<p class=\"Normalbodytext\"><span lang=\"FR\">Apr\u00e8s une cuisson aux alentours de 1350\u00b0C, les \u00e9maux sont peints ensuite la pi\u00e8ce est \u00e0 nouveau cuite \u00e0 750 &#8211; 800\u00b0C.<\/span><\/p>\n<\/div>\n<div>\n<p class=\"Normalbodytext\"><span lang=\"FR\">Hauteur :\u00a0 8 cm, diam\u00e8tre\u00a0: 15 cm<\/span><\/p>\n<\/div>\n<div><span lang=\"FR\">Parfait \u00e9tat. La pi\u00e8ce 490 euros<\/span><\/div>\n","protected":false},"featured_media":2469,"template":"","meta":{"site-sidebar-layout":"default","site-content-layout":"default","ast-site-content-layout":"default","site-content-style":"default","site-sidebar-style":"default","ast-global-header-display":"","ast-banner-title-visibility":"","ast-main-header-display":"","ast-hfb-above-header-display":"","ast-hfb-below-header-display":"","ast-hfb-mobile-header-display":"","site-post-title":"","ast-breadcrumbs-content":"","ast-featured-img":"","footer-sml-layout":"","ast-disable-related-posts":"","theme-transparent-header-meta":"default","adv-header-id-meta":"","stick-header-meta":"","header-above-stick-meta":"","header-main-stick-meta":"","header-below-stick-meta":"","astra-migrate-meta-layouts":"default","ast-page-background-enabled":"default","ast-page-background-meta":{"desktop":{"background-color":"","background-image":"","background-repeat":"repeat","background-position":"center center","background-size":"auto","background-attachment":"scroll","background-type":"","background-media":"","overlay-type":"","overlay-color":"","overlay-opacity":"","overlay-gradient":""},"tablet":{"background-color":"","background-image":"","background-repeat":"repeat","background-position":"center center","background-size":"auto","background-attachment":"scroll","background-type":"","background-media":"","overlay-type":"","overlay-color":"","overlay-opacity":"","overlay-gradient":""},"mobile":{"background-color":"","background-image":"","background-repeat":"repeat","background-position":"center center","background-size":"auto","background-attachment":"scroll","background-type":"","background-media":"","overlay-type":"","overlay-color":"","overlay-opacity":"","overlay-gradient":""}},"ast-content-background-meta":{"desktop":{"background-color":"var(--ast-global-color-5)","background-image":"","background-repeat":"repeat","background-position":"center center","background-size":"auto","background-attachment":"scroll","background-type":"","background-media":"","overlay-type":"","overlay-color":"","overlay-opacity":"","overlay-gradient":""},"tablet":{"background-color":"var(--ast-global-color-5)","background-image":"","background-repeat":"repeat","background-position":"center center","background-size":"auto","background-attachment":"scroll","background-type":"","background-media":"","overlay-type":"","overlay-color":"","overlay-opacity":"","overlay-gradient":""},"mobile":{"background-color":"var(--ast-global-color-5)","background-image":"","background-repeat":"repeat","background-position":"center center","background-size":"auto","background-attachment":"scroll","background-type":"","background-media":"","overlay-type":"","overlay-color":"","overlay-opacity":"","overlay-gradient":""}}},"product_brand":[],"product_cat":[21],"product_tag":[],"class_list":{"0":"post-2466","1":"product","2":"type-product","3":"status-publish","4":"has-post-thumbnail","6":"product_cat-porcelaine","7":"product_shipping_class-medium","8":"desktop-align-left","9":"tablet-align-left","10":"mobile-align-left","12":"first","13":"instock","14":"sold-individually","15":"shipping-taxable","16":"purchasable","17":"product-type-simple"},"yoast_head":"<!-- This site is optimized with the Yoast SEO plugin v24.8.1 - https:\/\/yoast.com\/wordpress\/plugins\/seo\/ -->\n<title>Porcelaine jaune verte et turquoise dragon. Qianlong (1735 - 1796) - Le cabinet de curiosit\u00e9s<\/title>\n<meta name=\"robots\" content=\"index, follow, max-snippet:-1, max-image-preview:large, max-video-preview:-1\" \/>\n<link rel=\"canonical\" href=\"https:\/\/curiosites.lmparis.fr\/index.php\/produit\/porcelaine-jaune-verte-et-turquoise-dragon-qianlong-1735-1796\/\" \/>\n<meta property=\"og:locale\" content=\"fr_FR\" \/>\n<meta property=\"og:type\" content=\"article\" \/>\n<meta property=\"og:title\" content=\"Porcelaine jaune verte et turquoise dragon. Qianlong (1735 - 1796) - Le cabinet de curiosit\u00e9s\" \/>\n<meta property=\"og:description\" content=\"Ce tr\u00e8s beau bol porte la marque en calligraphie archa\u00efque de la dynastique de l\u2019empereur Qianlong (1735 1796)    Ce bol \u00e0 d\u00e9cor Jaune et vert \u00e9tait pour un destinataire de haut rang la couleur jaune est la plupart du temps destin\u00e9e \u00e0 la cours imp\u00e9riale.     Le code des repr\u00e9sentations du dragon et des griffes de celui-ci est tr\u00e8s important et fondamental dans la destination des objets ou il y figure.    Dragon \u00e0 cinq griffes    Au XIIIe si\u00e8cle se met en place une \u00e9tiquette tr\u00e8s stricte : le dragon fut choisi pour repr\u00e9senter l\u2019\u00e9tat et fut entendu \u00e0 la totalit\u00e9\u0301 du mobilier imp\u00e9rial et \u00e0 la garde-robe. Sous les Ming et les Qing, les dragons \u00e0 cinq griffes sont r\u00e9serv\u00e9s \u00e0 l\u2019empereur, les dragons \u00e0 quatre griffes sont d\u00e9volus aux princes et ceux \u00e0 trois griffes, aux nobles et aux lettr\u00e9s. Cette r\u00e8gle \u00e9tait \u00e9tablie principalement pour les robes et le mobilier, n\u00e9anmoins il n\u2019est pas formellement \u00e9tabli qu\u2019elle fut valable pour les c\u00e9ramiques.     La technique de pose des deux couleurs verte et jaune est tr\u00e8s d\u00e9licate \u00e0 maitriser. Le d\u00e9cor est incis\u00e9 sur le corps non cuit de la pi\u00e8ce.     Apr\u00e8s une cuisson aux alentours de 1350\u00b0C, les \u00e9maux sont peints ensuite la pi\u00e8ce est \u00e0 nouveau cuite \u00e0 750 - 800\u00b0C.    Hauteur :\u00a0 8 cm, diam\u00e8tre\u00a0: 15 cm   Parfait \u00e9tat. La pi\u00e8ce 490 euros\" \/>\n<meta property=\"og:url\" content=\"https:\/\/curiosites.lmparis.fr\/index.php\/produit\/porcelaine-jaune-verte-et-turquoise-dragon-qianlong-1735-1796\/\" \/>\n<meta property=\"og:site_name\" content=\"Le cabinet de curiosit\u00e9s\" \/>\n<meta property=\"article:modified_time\" content=\"2021-01-23T19:47:20+00:00\" \/>\n<meta property=\"og:image\" content=\"https:\/\/curiosites.lmparis.fr\/wp-content\/uploads\/2021\/01\/Porcelaine-jaune-verte-et-turquoise-dragon_2.jpeg\" \/>\n\t<meta property=\"og:image:width\" content=\"1280\" \/>\n\t<meta property=\"og:image:height\" content=\"1280\" \/>\n\t<meta property=\"og:image:type\" content=\"image\/jpeg\" \/>\n<meta name=\"twitter:card\" content=\"summary_large_image\" \/>\n<script type=\"application\/ld+json\" class=\"yoast-schema-graph\">{\"@context\":\"https:\/\/schema.org\",\"@graph\":[{\"@type\":\"WebPage\",\"@id\":\"https:\/\/curiosites.lmparis.fr\/index.php\/produit\/porcelaine-jaune-verte-et-turquoise-dragon-qianlong-1735-1796\/\",\"url\":\"https:\/\/curiosites.lmparis.fr\/index.php\/produit\/porcelaine-jaune-verte-et-turquoise-dragon-qianlong-1735-1796\/\",\"name\":\"Porcelaine jaune verte et turquoise dragon. Qianlong (1735 - 1796) - Le cabinet de curiosit\u00e9s\",\"isPartOf\":{\"@id\":\"https:\/\/curiosites.lmparis.fr\/#website\"},\"primaryImageOfPage\":{\"@id\":\"https:\/\/curiosites.lmparis.fr\/index.php\/produit\/porcelaine-jaune-verte-et-turquoise-dragon-qianlong-1735-1796\/#primaryimage\"},\"image\":{\"@id\":\"https:\/\/curiosites.lmparis.fr\/index.php\/produit\/porcelaine-jaune-verte-et-turquoise-dragon-qianlong-1735-1796\/#primaryimage\"},\"thumbnailUrl\":\"https:\/\/curiosites.lmparis.fr\/wp-content\/uploads\/2021\/01\/Porcelaine-jaune-verte-et-turquoise-dragon_2.jpeg\",\"datePublished\":\"2021-01-23T19:47:19+00:00\",\"dateModified\":\"2021-01-23T19:47:20+00:00\",\"breadcrumb\":{\"@id\":\"https:\/\/curiosites.lmparis.fr\/index.php\/produit\/porcelaine-jaune-verte-et-turquoise-dragon-qianlong-1735-1796\/#breadcrumb\"},\"inLanguage\":\"fr-FR\",\"potentialAction\":[{\"@type\":\"ReadAction\",\"target\":[\"https:\/\/curiosites.lmparis.fr\/index.php\/produit\/porcelaine-jaune-verte-et-turquoise-dragon-qianlong-1735-1796\/\"]}]},{\"@type\":\"ImageObject\",\"inLanguage\":\"fr-FR\",\"@id\":\"https:\/\/curiosites.lmparis.fr\/index.php\/produit\/porcelaine-jaune-verte-et-turquoise-dragon-qianlong-1735-1796\/#primaryimage\",\"url\":\"https:\/\/curiosites.lmparis.fr\/wp-content\/uploads\/2021\/01\/Porcelaine-jaune-verte-et-turquoise-dragon_2.jpeg\",\"contentUrl\":\"https:\/\/curiosites.lmparis.fr\/wp-content\/uploads\/2021\/01\/Porcelaine-jaune-verte-et-turquoise-dragon_2.jpeg\",\"width\":1280,\"height\":1280},{\"@type\":\"BreadcrumbList\",\"@id\":\"https:\/\/curiosites.lmparis.fr\/index.php\/produit\/porcelaine-jaune-verte-et-turquoise-dragon-qianlong-1735-1796\/#breadcrumb\",\"itemListElement\":[{\"@type\":\"ListItem\",\"position\":1,\"name\":\"Accueil\",\"item\":\"https:\/\/curiosites.lmparis.fr\/\"},{\"@type\":\"ListItem\",\"position\":2,\"name\":\"Boutique\",\"item\":\"https:\/\/curiosites.lmparis.fr\/index.php\/boutique\/\"},{\"@type\":\"ListItem\",\"position\":3,\"name\":\"Porcelaine jaune verte et turquoise dragon. Qianlong (1735 &#8211; 1796)\"}]},{\"@type\":\"WebSite\",\"@id\":\"https:\/\/curiosites.lmparis.fr\/#website\",\"url\":\"https:\/\/curiosites.lmparis.fr\/\",\"name\":\"Le cabinet de curiosit\u00e9s\",\"description\":\"art, objets d&#039;art , antiquit\u00e9s. objet de curiosit\u00e9s, porcelaines\",\"publisher\":{\"@id\":\"https:\/\/curiosites.lmparis.fr\/#\/schema\/person\/cda334754a2494b4fabed1f26b450aea\"},\"potentialAction\":[{\"@type\":\"SearchAction\",\"target\":{\"@type\":\"EntryPoint\",\"urlTemplate\":\"https:\/\/curiosites.lmparis.fr\/?s={search_term_string}\"},\"query-input\":{\"@type\":\"PropertyValueSpecification\",\"valueRequired\":true,\"valueName\":\"search_term_string\"}}],\"inLanguage\":\"fr-FR\"},{\"@type\":[\"Person\",\"Organization\"],\"@id\":\"https:\/\/curiosites.lmparis.fr\/#\/schema\/person\/cda334754a2494b4fabed1f26b450aea\",\"name\":\"akolangTo\",\"image\":{\"@type\":\"ImageObject\",\"inLanguage\":\"fr-FR\",\"@id\":\"https:\/\/curiosites.lmparis.fr\/#\/schema\/person\/image\/\",\"url\":\"https:\/\/curiosites.lmparis.fr\/wp-content\/uploads\/2020\/11\/blue-on-white-logo-160.png\",\"contentUrl\":\"https:\/\/curiosites.lmparis.fr\/wp-content\/uploads\/2020\/11\/blue-on-white-logo-160.png\",\"width\":160,\"height\":160,\"caption\":\"akolangTo\"},\"logo\":{\"@id\":\"https:\/\/curiosites.lmparis.fr\/#\/schema\/person\/image\/\"}}]}<\/script>\n<!-- \/ Yoast SEO plugin. -->","yoast_head_json":{"title":"Porcelaine jaune verte et turquoise dragon. Qianlong (1735 - 1796) - Le cabinet de curiosit\u00e9s","robots":{"index":"index","follow":"follow","max-snippet":"max-snippet:-1","max-image-preview":"max-image-preview:large","max-video-preview":"max-video-preview:-1"},"canonical":"https:\/\/curiosites.lmparis.fr\/index.php\/produit\/porcelaine-jaune-verte-et-turquoise-dragon-qianlong-1735-1796\/","og_locale":"fr_FR","og_type":"article","og_title":"Porcelaine jaune verte et turquoise dragon. Qianlong (1735 - 1796) - Le cabinet de curiosit\u00e9s","og_description":"Ce tr\u00e8s beau bol porte la marque en calligraphie archa\u00efque de la dynastique de l\u2019empereur Qianlong (1735 1796)    Ce bol \u00e0 d\u00e9cor Jaune et vert \u00e9tait pour un destinataire de haut rang la couleur jaune est la plupart du temps destin\u00e9e \u00e0 la cours imp\u00e9riale.     Le code des repr\u00e9sentations du dragon et des griffes de celui-ci est tr\u00e8s important et fondamental dans la destination des objets ou il y figure.    Dragon \u00e0 cinq griffes    Au XIIIe si\u00e8cle se met en place une \u00e9tiquette tr\u00e8s stricte : le dragon fut choisi pour repr\u00e9senter l\u2019\u00e9tat et fut entendu \u00e0 la totalit\u00e9\u0301 du mobilier imp\u00e9rial et \u00e0 la garde-robe. Sous les Ming et les Qing, les dragons \u00e0 cinq griffes sont r\u00e9serv\u00e9s \u00e0 l\u2019empereur, les dragons \u00e0 quatre griffes sont d\u00e9volus aux princes et ceux \u00e0 trois griffes, aux nobles et aux lettr\u00e9s. Cette r\u00e8gle \u00e9tait \u00e9tablie principalement pour les robes et le mobilier, n\u00e9anmoins il n\u2019est pas formellement \u00e9tabli qu\u2019elle fut valable pour les c\u00e9ramiques.     La technique de pose des deux couleurs verte et jaune est tr\u00e8s d\u00e9licate \u00e0 maitriser. Le d\u00e9cor est incis\u00e9 sur le corps non cuit de la pi\u00e8ce.     Apr\u00e8s une cuisson aux alentours de 1350\u00b0C, les \u00e9maux sont peints ensuite la pi\u00e8ce est \u00e0 nouveau cuite \u00e0 750 - 800\u00b0C.    Hauteur :\u00a0 8 cm, diam\u00e8tre\u00a0: 15 cm   Parfait \u00e9tat. La pi\u00e8ce 490 euros","og_url":"https:\/\/curiosites.lmparis.fr\/index.php\/produit\/porcelaine-jaune-verte-et-turquoise-dragon-qianlong-1735-1796\/","og_site_name":"Le cabinet de curiosit\u00e9s","article_modified_time":"2021-01-23T19:47:20+00:00","og_image":[{"width":1280,"height":1280,"url":"https:\/\/curiosites.lmparis.fr\/wp-content\/uploads\/2021\/01\/Porcelaine-jaune-verte-et-turquoise-dragon_2.jpeg","type":"image\/jpeg"}],"twitter_card":"summary_large_image","schema":{"@context":"https:\/\/schema.org","@graph":[{"@type":"WebPage","@id":"https:\/\/curiosites.lmparis.fr\/index.php\/produit\/porcelaine-jaune-verte-et-turquoise-dragon-qianlong-1735-1796\/","url":"https:\/\/curiosites.lmparis.fr\/index.php\/produit\/porcelaine-jaune-verte-et-turquoise-dragon-qianlong-1735-1796\/","name":"Porcelaine jaune verte et turquoise dragon. Qianlong (1735 - 1796) - Le cabinet de curiosit\u00e9s","isPartOf":{"@id":"https:\/\/curiosites.lmparis.fr\/#website"},"primaryImageOfPage":{"@id":"https:\/\/curiosites.lmparis.fr\/index.php\/produit\/porcelaine-jaune-verte-et-turquoise-dragon-qianlong-1735-1796\/#primaryimage"},"image":{"@id":"https:\/\/curiosites.lmparis.fr\/index.php\/produit\/porcelaine-jaune-verte-et-turquoise-dragon-qianlong-1735-1796\/#primaryimage"},"thumbnailUrl":"https:\/\/curiosites.lmparis.fr\/wp-content\/uploads\/2021\/01\/Porcelaine-jaune-verte-et-turquoise-dragon_2.jpeg","datePublished":"2021-01-23T19:47:19+00:00","dateModified":"2021-01-23T19:47:20+00:00","breadcrumb":{"@id":"https:\/\/curiosites.lmparis.fr\/index.php\/produit\/porcelaine-jaune-verte-et-turquoise-dragon-qianlong-1735-1796\/#breadcrumb"},"inLanguage":"fr-FR","potentialAction":[{"@type":"ReadAction","target":["https:\/\/curiosites.lmparis.fr\/index.php\/produit\/porcelaine-jaune-verte-et-turquoise-dragon-qianlong-1735-1796\/"]}]},{"@type":"ImageObject","inLanguage":"fr-FR","@id":"https:\/\/curiosites.lmparis.fr\/index.php\/produit\/porcelaine-jaune-verte-et-turquoise-dragon-qianlong-1735-1796\/#primaryimage","url":"https:\/\/curiosites.lmparis.fr\/wp-content\/uploads\/2021\/01\/Porcelaine-jaune-verte-et-turquoise-dragon_2.jpeg","contentUrl":"https:\/\/curiosites.lmparis.fr\/wp-content\/uploads\/2021\/01\/Porcelaine-jaune-verte-et-turquoise-dragon_2.jpeg","width":1280,"height":1280},{"@type":"BreadcrumbList","@id":"https:\/\/curiosites.lmparis.fr\/index.php\/produit\/porcelaine-jaune-verte-et-turquoise-dragon-qianlong-1735-1796\/#breadcrumb","itemListElement":[{"@type":"ListItem","position":1,"name":"Accueil","item":"https:\/\/curiosites.lmparis.fr\/"},{"@type":"ListItem","position":2,"name":"Boutique","item":"https:\/\/curiosites.lmparis.fr\/index.php\/boutique\/"},{"@type":"ListItem","position":3,"name":"Porcelaine jaune verte et turquoise dragon. Qianlong (1735 &#8211; 1796)"}]},{"@type":"WebSite","@id":"https:\/\/curiosites.lmparis.fr\/#website","url":"https:\/\/curiosites.lmparis.fr\/","name":"Le cabinet de curiosit\u00e9s","description":"art, objets d&#039;art , antiquit\u00e9s. objet de curiosit\u00e9s, porcelaines","publisher":{"@id":"https:\/\/curiosites.lmparis.fr\/#\/schema\/person\/cda334754a2494b4fabed1f26b450aea"},"potentialAction":[{"@type":"SearchAction","target":{"@type":"EntryPoint","urlTemplate":"https:\/\/curiosites.lmparis.fr\/?s={search_term_string}"},"query-input":{"@type":"PropertyValueSpecification","valueRequired":true,"valueName":"search_term_string"}}],"inLanguage":"fr-FR"},{"@type":["Person","Organization"],"@id":"https:\/\/curiosites.lmparis.fr\/#\/schema\/person\/cda334754a2494b4fabed1f26b450aea","name":"akolangTo","image":{"@type":"ImageObject","inLanguage":"fr-FR","@id":"https:\/\/curiosites.lmparis.fr\/#\/schema\/person\/image\/","url":"https:\/\/curiosites.lmparis.fr\/wp-content\/uploads\/2020\/11\/blue-on-white-logo-160.png","contentUrl":"https:\/\/curiosites.lmparis.fr\/wp-content\/uploads\/2020\/11\/blue-on-white-logo-160.png","width":160,"height":160,"caption":"akolangTo"},"logo":{"@id":"https:\/\/curiosites.lmparis.fr\/#\/schema\/person\/image\/"}}]}},"jetpack_sharing_enabled":true,"_links":{"self":[{"href":"https:\/\/curiosites.lmparis.fr\/index.php\/wp-json\/wp\/v2\/product\/2466","targetHints":{"allow":["GET"]}}],"collection":[{"href":"https:\/\/curiosites.lmparis.fr\/index.php\/wp-json\/wp\/v2\/product"}],"about":[{"href":"https:\/\/curiosites.lmparis.fr\/index.php\/wp-json\/wp\/v2\/types\/product"}],"wp:featuredmedia":[{"embeddable":true,"href":"https:\/\/curiosites.lmparis.fr\/index.php\/wp-json\/wp\/v2\/media\/2469"}],"wp:attachment":[{"href":"https:\/\/curiosites.lmparis.fr\/index.php\/wp-json\/wp\/v2\/media?parent=2466"}],"wp:term":[{"taxonomy":"product_brand","embeddable":true,"href":"https:\/\/curiosites.lmparis.fr\/index.php\/wp-json\/wp\/v2\/product_brand?post=2466"},{"taxonomy":"product_cat","embeddable":true,"href":"https:\/\/curiosites.lmparis.fr\/index.php\/wp-json\/wp\/v2\/product_cat?post=2466"},{"taxonomy":"product_tag","embeddable":true,"href":"https:\/\/curiosites.lmparis.fr\/index.php\/wp-json\/wp\/v2\/product_tag?post=2466"}],"curies":[{"name":"wp","href":"https:\/\/api.w.org\/{rel}","templated":true}]}}