{"id":1714,"date":"2020-11-08T20:36:22","date_gmt":"2020-11-08T19:36:22","guid":{"rendered":"http:\/\/curiosites.lmparis.fr\/?post_type=product&#038;p=1714"},"modified":"2020-12-11T22:11:54","modified_gmt":"2020-12-11T21:11:54","slug":"jade-archaique-chinois-20","status":"publish","type":"product","link":"https:\/\/curiosites.lmparis.fr\/index.php\/produit\/jade-archaique-chinois-20\/","title":{"rendered":"Jade archa\u00efque chinois #20: Exceptionnel disque \u00ab\u00a0Bi\u00a0\u00bb au motif typique des Zhou"},"content":{"rendered":"<p><span style=\"color: #007cba;\"><strong>Les Disques en Chinois \u00ab\u00a0bi\u00a0\u00bb<\/strong><\/span><\/p>\n<div><span lang=\"FR\">Ces disques sont aussi tr\u00e8s myst\u00e9rieux au regard de leurs utilisations, ils sont aussi pr\u00e9sents dans la culture chinoise depuis la pr\u00e9histoire et leur fonction n\u2019a jamais \u00e9t\u00e9 d\u00e9finie. Il est vraisemblable que le disque est la repr\u00e9sentation du cosmos les d\u00e9cors l\u00e0 aussi sont souvent tao\u00efstes ou des repr\u00e9sentations d\u2019animaux chim\u00e9riques en relief ces repr\u00e9sentations ont essentiellement une fonction protectrice. <\/span><\/div>\n<div><\/div>\n<div><span lang=\"FR\">Ils accompagn\u00e8rent les hommes de leur vivant jusqu\u2019au tombeau ou ils furent souvent retrouv\u00e9s empil\u00e9s par dizaine dans des s\u00e9pultures. C\u2019est disque \u00e9taient charg\u00e9s certainement d\u2019une importante fonction protectrice. Ils sont tr\u00e8s repr\u00e9sentatifs de la p\u00e9riode Han et Zhou d\u2019une grande maitrise d\u2019ex\u00e9cution ils restent aujourd\u2019hui de magnifiques objets charg\u00e9s de myst\u00e8res.<\/span><\/div>\n<div><\/div>\n<div><span lang=\"FR\">Les pierres utilis\u00e9es du jade, n\u00e9phrites ou autres ne permettent pas non plus l\u2019utilisation de la datation au carbone 14.\u00a0<\/span><\/div>\n<div><\/div>\n<div><\/div>\n","protected":false},"excerpt":{"rendered":"<p>Ce motif est unique sur la surface du disque il fut d\u00e9gag\u00e9 dans la masse du disque et grav\u00e9 d\u00e9licatement et de fa\u00e7on tr\u00e8s pr\u00e9cise. Un objet rare et tr\u00e8s myst\u00e9rieux. Voir les photos de d\u00e9tails, les \u00ab\u00a0yeux sculpt\u00e9s\u00a0\u00bb sur la surface du disque sont impressionnants de maitrise, l\u2019artiste sculpteur de cet objet a r\u00e9ussi \u00e0 conserver toute la force et la magie de la repr\u00e9sentations et son aspect myst\u00e9rieux sont saisissants au regard de sa simplicit\u00e9.<\/p>\n<p>Hauteur: 0.5 cm Diam\u00e8tre: 8.5 cm.<\/p>\n","protected":false},"featured_media":1951,"template":"","meta":{"site-sidebar-layout":"default","site-content-layout":"default","ast-site-content-layout":"default","site-content-style":"default","site-sidebar-style":"default","ast-global-header-display":"","ast-banner-title-visibility":"","ast-main-header-display":"","ast-hfb-above-header-display":"","ast-hfb-below-header-display":"","ast-hfb-mobile-header-display":"","site-post-title":"","ast-breadcrumbs-content":"","ast-featured-img":"","footer-sml-layout":"","ast-disable-related-posts":"","theme-transparent-header-meta":"default","adv-header-id-meta":"","stick-header-meta":"","header-above-stick-meta":"","header-main-stick-meta":"","header-below-stick-meta":"","astra-migrate-meta-layouts":"default","ast-page-background-enabled":"default","ast-page-background-meta":{"desktop":{"background-color":"","background-image":"","background-repeat":"repeat","background-position":"center center","background-size":"auto","background-attachment":"scroll","background-type":"","background-media":"","overlay-type":"","overlay-color":"","overlay-opacity":"","overlay-gradient":""},"tablet":{"background-color":"","background-image":"","background-repeat":"repeat","background-position":"center center","background-size":"auto","background-attachment":"scroll","background-type":"","background-media":"","overlay-type":"","overlay-color":"","overlay-opacity":"","overlay-gradient":""},"mobile":{"background-color":"","background-image":"","background-repeat":"repeat","background-position":"center center","background-size":"auto","background-attachment":"scroll","background-type":"","background-media":"","overlay-type":"","overlay-color":"","overlay-opacity":"","overlay-gradient":""}},"ast-content-background-meta":{"desktop":{"background-color":"var(--ast-global-color-5)","background-image":"","background-repeat":"repeat","background-position":"center center","background-size":"auto","background-attachment":"scroll","background-type":"","background-media":"","overlay-type":"","overlay-color":"","overlay-opacity":"","overlay-gradient":""},"tablet":{"background-color":"var(--ast-global-color-5)","background-image":"","background-repeat":"repeat","background-position":"center center","background-size":"auto","background-attachment":"scroll","background-type":"","background-media":"","overlay-type":"","overlay-color":"","overlay-opacity":"","overlay-gradient":""},"mobile":{"background-color":"var(--ast-global-color-5)","background-image":"","background-repeat":"repeat","background-position":"center center","background-size":"auto","background-attachment":"scroll","background-type":"","background-media":"","overlay-type":"","overlay-color":"","overlay-opacity":"","overlay-gradient":""}}},"product_brand":[],"product_cat":[40,22],"product_tag":[],"class_list":{"0":"post-1714","1":"product","2":"type-product","3":"status-publish","4":"has-post-thumbnail","6":"product_cat-archeologie","7":"product_cat-antiquites","8":"product_shipping_class-extra_small","9":"desktop-align-left","10":"tablet-align-left","11":"mobile-align-left","13":"first","14":"instock","15":"sold-individually","16":"shipping-taxable","17":"purchasable","18":"product-type-simple"},"yoast_head":"<!-- This site is optimized with the Yoast SEO plugin v24.8.1 - https:\/\/yoast.com\/wordpress\/plugins\/seo\/ -->\n<title>Jade archa\u00efque chinois #20: Exceptionnel disque &quot;Bi&quot; au motif typique des Zhou - Le cabinet de curiosit\u00e9s<\/title>\n<meta name=\"robots\" content=\"index, follow, max-snippet:-1, max-image-preview:large, max-video-preview:-1\" \/>\n<link rel=\"canonical\" href=\"https:\/\/curiosites.lmparis.fr\/index.php\/produit\/jade-archaique-chinois-20\/\" \/>\n<meta property=\"og:locale\" content=\"fr_FR\" \/>\n<meta property=\"og:type\" content=\"article\" \/>\n<meta property=\"og:title\" content=\"Jade archa\u00efque chinois #20: Exceptionnel disque &quot;Bi&quot; au motif typique des Zhou - Le cabinet de curiosit\u00e9s\" \/>\n<meta property=\"og:description\" content=\"Ce motif est unique sur la surface du disque il fut d\u00e9gag\u00e9 dans la masse du disque et grav\u00e9 d\u00e9licatement et de fa\u00e7on tr\u00e8s pr\u00e9cise. Un objet rare et tr\u00e8s myst\u00e9rieux. Voir les photos de d\u00e9tails, les \u00ab\u00a0yeux sculpt\u00e9s\u00a0\u00bb sur la surface du disque sont impressionnants de maitrise, l\u2019artiste sculpteur de cet objet a r\u00e9ussi \u00e0 conserver toute la force et la magie de la repr\u00e9sentations et son aspect myst\u00e9rieux sont saisissants au regard de sa simplicit\u00e9.  Hauteur: 0.5 cm Diam\u00e8tre: 8.5 cm.\" \/>\n<meta property=\"og:url\" content=\"https:\/\/curiosites.lmparis.fr\/index.php\/produit\/jade-archaique-chinois-20\/\" \/>\n<meta property=\"og:site_name\" content=\"Le cabinet de curiosit\u00e9s\" \/>\n<meta property=\"article:modified_time\" content=\"2020-12-11T21:11:54+00:00\" \/>\n<meta property=\"og:image\" content=\"https:\/\/curiosites.lmparis.fr\/wp-content\/uploads\/2020\/11\/Jade-archaique-Chinois-20_9.jpeg\" \/>\n\t<meta property=\"og:image:width\" content=\"1280\" \/>\n\t<meta property=\"og:image:height\" content=\"1280\" \/>\n\t<meta property=\"og:image:type\" content=\"image\/jpeg\" \/>\n<meta name=\"twitter:card\" content=\"summary_large_image\" \/>\n<meta name=\"twitter:label1\" content=\"Dur\u00e9e de lecture estim\u00e9e\" \/>\n\t<meta name=\"twitter:data1\" content=\"1 minute\" \/>\n<script type=\"application\/ld+json\" class=\"yoast-schema-graph\">{\"@context\":\"https:\/\/schema.org\",\"@graph\":[{\"@type\":\"WebPage\",\"@id\":\"https:\/\/curiosites.lmparis.fr\/index.php\/produit\/jade-archaique-chinois-20\/\",\"url\":\"https:\/\/curiosites.lmparis.fr\/index.php\/produit\/jade-archaique-chinois-20\/\",\"name\":\"Jade archa\u00efque chinois #20: Exceptionnel disque \\\"Bi\\\" au motif typique des Zhou - Le cabinet de curiosit\u00e9s\",\"isPartOf\":{\"@id\":\"https:\/\/curiosites.lmparis.fr\/#website\"},\"primaryImageOfPage\":{\"@id\":\"https:\/\/curiosites.lmparis.fr\/index.php\/produit\/jade-archaique-chinois-20\/#primaryimage\"},\"image\":{\"@id\":\"https:\/\/curiosites.lmparis.fr\/index.php\/produit\/jade-archaique-chinois-20\/#primaryimage\"},\"thumbnailUrl\":\"https:\/\/curiosites.lmparis.fr\/wp-content\/uploads\/2020\/11\/Jade-archaique-Chinois-20_9.jpeg\",\"datePublished\":\"2020-11-08T19:36:22+00:00\",\"dateModified\":\"2020-12-11T21:11:54+00:00\",\"breadcrumb\":{\"@id\":\"https:\/\/curiosites.lmparis.fr\/index.php\/produit\/jade-archaique-chinois-20\/#breadcrumb\"},\"inLanguage\":\"fr-FR\",\"potentialAction\":[{\"@type\":\"ReadAction\",\"target\":[\"https:\/\/curiosites.lmparis.fr\/index.php\/produit\/jade-archaique-chinois-20\/\"]}]},{\"@type\":\"ImageObject\",\"inLanguage\":\"fr-FR\",\"@id\":\"https:\/\/curiosites.lmparis.fr\/index.php\/produit\/jade-archaique-chinois-20\/#primaryimage\",\"url\":\"https:\/\/curiosites.lmparis.fr\/wp-content\/uploads\/2020\/11\/Jade-archaique-Chinois-20_9.jpeg\",\"contentUrl\":\"https:\/\/curiosites.lmparis.fr\/wp-content\/uploads\/2020\/11\/Jade-archaique-Chinois-20_9.jpeg\",\"width\":1280,\"height\":1280},{\"@type\":\"BreadcrumbList\",\"@id\":\"https:\/\/curiosites.lmparis.fr\/index.php\/produit\/jade-archaique-chinois-20\/#breadcrumb\",\"itemListElement\":[{\"@type\":\"ListItem\",\"position\":1,\"name\":\"Accueil\",\"item\":\"https:\/\/curiosites.lmparis.fr\/\"},{\"@type\":\"ListItem\",\"position\":2,\"name\":\"Boutique\",\"item\":\"https:\/\/curiosites.lmparis.fr\/index.php\/boutique\/\"},{\"@type\":\"ListItem\",\"position\":3,\"name\":\"Jade archa\u00efque chinois #20: Exceptionnel disque \u00ab\u00a0Bi\u00a0\u00bb au motif typique des Zhou\"}]},{\"@type\":\"WebSite\",\"@id\":\"https:\/\/curiosites.lmparis.fr\/#website\",\"url\":\"https:\/\/curiosites.lmparis.fr\/\",\"name\":\"Le cabinet de curiosit\u00e9s\",\"description\":\"art, objets d&#039;art , antiquit\u00e9s. objet de curiosit\u00e9s, porcelaines\",\"publisher\":{\"@id\":\"https:\/\/curiosites.lmparis.fr\/#\/schema\/person\/cda334754a2494b4fabed1f26b450aea\"},\"potentialAction\":[{\"@type\":\"SearchAction\",\"target\":{\"@type\":\"EntryPoint\",\"urlTemplate\":\"https:\/\/curiosites.lmparis.fr\/?s={search_term_string}\"},\"query-input\":{\"@type\":\"PropertyValueSpecification\",\"valueRequired\":true,\"valueName\":\"search_term_string\"}}],\"inLanguage\":\"fr-FR\"},{\"@type\":[\"Person\",\"Organization\"],\"@id\":\"https:\/\/curiosites.lmparis.fr\/#\/schema\/person\/cda334754a2494b4fabed1f26b450aea\",\"name\":\"akolangTo\",\"image\":{\"@type\":\"ImageObject\",\"inLanguage\":\"fr-FR\",\"@id\":\"https:\/\/curiosites.lmparis.fr\/#\/schema\/person\/image\/\",\"url\":\"https:\/\/curiosites.lmparis.fr\/wp-content\/uploads\/2020\/11\/blue-on-white-logo-160.png\",\"contentUrl\":\"https:\/\/curiosites.lmparis.fr\/wp-content\/uploads\/2020\/11\/blue-on-white-logo-160.png\",\"width\":160,\"height\":160,\"caption\":\"akolangTo\"},\"logo\":{\"@id\":\"https:\/\/curiosites.lmparis.fr\/#\/schema\/person\/image\/\"}}]}<\/script>\n<!-- \/ Yoast SEO plugin. -->","yoast_head_json":{"title":"Jade archa\u00efque chinois #20: Exceptionnel disque \"Bi\" au motif typique des Zhou - Le cabinet de curiosit\u00e9s","robots":{"index":"index","follow":"follow","max-snippet":"max-snippet:-1","max-image-preview":"max-image-preview:large","max-video-preview":"max-video-preview:-1"},"canonical":"https:\/\/curiosites.lmparis.fr\/index.php\/produit\/jade-archaique-chinois-20\/","og_locale":"fr_FR","og_type":"article","og_title":"Jade archa\u00efque chinois #20: Exceptionnel disque \"Bi\" au motif typique des Zhou - Le cabinet de curiosit\u00e9s","og_description":"Ce motif est unique sur la surface du disque il fut d\u00e9gag\u00e9 dans la masse du disque et grav\u00e9 d\u00e9licatement et de fa\u00e7on tr\u00e8s pr\u00e9cise. Un objet rare et tr\u00e8s myst\u00e9rieux. Voir les photos de d\u00e9tails, les \u00ab\u00a0yeux sculpt\u00e9s\u00a0\u00bb sur la surface du disque sont impressionnants de maitrise, l\u2019artiste sculpteur de cet objet a r\u00e9ussi \u00e0 conserver toute la force et la magie de la repr\u00e9sentations et son aspect myst\u00e9rieux sont saisissants au regard de sa simplicit\u00e9.  Hauteur: 0.5 cm Diam\u00e8tre: 8.5 cm.","og_url":"https:\/\/curiosites.lmparis.fr\/index.php\/produit\/jade-archaique-chinois-20\/","og_site_name":"Le cabinet de curiosit\u00e9s","article_modified_time":"2020-12-11T21:11:54+00:00","og_image":[{"width":1280,"height":1280,"url":"https:\/\/curiosites.lmparis.fr\/wp-content\/uploads\/2020\/11\/Jade-archaique-Chinois-20_9.jpeg","type":"image\/jpeg"}],"twitter_card":"summary_large_image","twitter_misc":{"Dur\u00e9e de lecture estim\u00e9e":"1 minute"},"schema":{"@context":"https:\/\/schema.org","@graph":[{"@type":"WebPage","@id":"https:\/\/curiosites.lmparis.fr\/index.php\/produit\/jade-archaique-chinois-20\/","url":"https:\/\/curiosites.lmparis.fr\/index.php\/produit\/jade-archaique-chinois-20\/","name":"Jade archa\u00efque chinois #20: Exceptionnel disque \"Bi\" au motif typique des Zhou - Le cabinet de curiosit\u00e9s","isPartOf":{"@id":"https:\/\/curiosites.lmparis.fr\/#website"},"primaryImageOfPage":{"@id":"https:\/\/curiosites.lmparis.fr\/index.php\/produit\/jade-archaique-chinois-20\/#primaryimage"},"image":{"@id":"https:\/\/curiosites.lmparis.fr\/index.php\/produit\/jade-archaique-chinois-20\/#primaryimage"},"thumbnailUrl":"https:\/\/curiosites.lmparis.fr\/wp-content\/uploads\/2020\/11\/Jade-archaique-Chinois-20_9.jpeg","datePublished":"2020-11-08T19:36:22+00:00","dateModified":"2020-12-11T21:11:54+00:00","breadcrumb":{"@id":"https:\/\/curiosites.lmparis.fr\/index.php\/produit\/jade-archaique-chinois-20\/#breadcrumb"},"inLanguage":"fr-FR","potentialAction":[{"@type":"ReadAction","target":["https:\/\/curiosites.lmparis.fr\/index.php\/produit\/jade-archaique-chinois-20\/"]}]},{"@type":"ImageObject","inLanguage":"fr-FR","@id":"https:\/\/curiosites.lmparis.fr\/index.php\/produit\/jade-archaique-chinois-20\/#primaryimage","url":"https:\/\/curiosites.lmparis.fr\/wp-content\/uploads\/2020\/11\/Jade-archaique-Chinois-20_9.jpeg","contentUrl":"https:\/\/curiosites.lmparis.fr\/wp-content\/uploads\/2020\/11\/Jade-archaique-Chinois-20_9.jpeg","width":1280,"height":1280},{"@type":"BreadcrumbList","@id":"https:\/\/curiosites.lmparis.fr\/index.php\/produit\/jade-archaique-chinois-20\/#breadcrumb","itemListElement":[{"@type":"ListItem","position":1,"name":"Accueil","item":"https:\/\/curiosites.lmparis.fr\/"},{"@type":"ListItem","position":2,"name":"Boutique","item":"https:\/\/curiosites.lmparis.fr\/index.php\/boutique\/"},{"@type":"ListItem","position":3,"name":"Jade archa\u00efque chinois #20: Exceptionnel disque \u00ab\u00a0Bi\u00a0\u00bb au motif typique des Zhou"}]},{"@type":"WebSite","@id":"https:\/\/curiosites.lmparis.fr\/#website","url":"https:\/\/curiosites.lmparis.fr\/","name":"Le cabinet de curiosit\u00e9s","description":"art, objets d&#039;art , antiquit\u00e9s. objet de curiosit\u00e9s, porcelaines","publisher":{"@id":"https:\/\/curiosites.lmparis.fr\/#\/schema\/person\/cda334754a2494b4fabed1f26b450aea"},"potentialAction":[{"@type":"SearchAction","target":{"@type":"EntryPoint","urlTemplate":"https:\/\/curiosites.lmparis.fr\/?s={search_term_string}"},"query-input":{"@type":"PropertyValueSpecification","valueRequired":true,"valueName":"search_term_string"}}],"inLanguage":"fr-FR"},{"@type":["Person","Organization"],"@id":"https:\/\/curiosites.lmparis.fr\/#\/schema\/person\/cda334754a2494b4fabed1f26b450aea","name":"akolangTo","image":{"@type":"ImageObject","inLanguage":"fr-FR","@id":"https:\/\/curiosites.lmparis.fr\/#\/schema\/person\/image\/","url":"https:\/\/curiosites.lmparis.fr\/wp-content\/uploads\/2020\/11\/blue-on-white-logo-160.png","contentUrl":"https:\/\/curiosites.lmparis.fr\/wp-content\/uploads\/2020\/11\/blue-on-white-logo-160.png","width":160,"height":160,"caption":"akolangTo"},"logo":{"@id":"https:\/\/curiosites.lmparis.fr\/#\/schema\/person\/image\/"}}]}},"jetpack_sharing_enabled":true,"_links":{"self":[{"href":"https:\/\/curiosites.lmparis.fr\/index.php\/wp-json\/wp\/v2\/product\/1714","targetHints":{"allow":["GET"]}}],"collection":[{"href":"https:\/\/curiosites.lmparis.fr\/index.php\/wp-json\/wp\/v2\/product"}],"about":[{"href":"https:\/\/curiosites.lmparis.fr\/index.php\/wp-json\/wp\/v2\/types\/product"}],"wp:featuredmedia":[{"embeddable":true,"href":"https:\/\/curiosites.lmparis.fr\/index.php\/wp-json\/wp\/v2\/media\/1951"}],"wp:attachment":[{"href":"https:\/\/curiosites.lmparis.fr\/index.php\/wp-json\/wp\/v2\/media?parent=1714"}],"wp:term":[{"taxonomy":"product_brand","embeddable":true,"href":"https:\/\/curiosites.lmparis.fr\/index.php\/wp-json\/wp\/v2\/product_brand?post=1714"},{"taxonomy":"product_cat","embeddable":true,"href":"https:\/\/curiosites.lmparis.fr\/index.php\/wp-json\/wp\/v2\/product_cat?post=1714"},{"taxonomy":"product_tag","embeddable":true,"href":"https:\/\/curiosites.lmparis.fr\/index.php\/wp-json\/wp\/v2\/product_tag?post=1714"}],"curies":[{"name":"wp","href":"https:\/\/api.w.org\/{rel}","templated":true}]}}